{"id":38,"date":"2026-04-08T07:17:07","date_gmt":"2026-04-08T07:17:07","guid":{"rendered":"https:\/\/test.bigberry.fr\/?page_id=38"},"modified":"2026-04-29T08:06:29","modified_gmt":"2026-04-29T08:06:29","slug":"accueil","status":"publish","type":"page","link":"https:\/\/test.bigberry.fr\/","title":{"rendered":"Accueil"},"content":{"rendered":"\t\t<div data-elementor-type=\"wp-page\" data-elementor-id=\"38\" class=\"elementor elementor-38\" data-elementor-post-type=\"page\">\n\t\t\t\t<div class=\"elementor-element elementor-element-3c3f7a7 e-con-full e-flex e-con e-parent\" data-id=\"3c3f7a7\" data-element_type=\"container\" data-e-type=\"container\" data-settings=\"{&quot;background_background&quot;:&quot;classic&quot;}\">\n\t\t<div class=\"elementor-element elementor-element-124f866 e-con-full e-flex e-con e-child\" data-id=\"124f866\" data-element_type=\"container\" data-e-type=\"container\" data-settings=\"{&quot;motion_fx_motion_fx_scrolling&quot;:&quot;yes&quot;,&quot;motion_fx_translateX_effect&quot;:&quot;yes&quot;,&quot;motion_fx_translateX_speed&quot;:{&quot;unit&quot;:&quot;px&quot;,&quot;size&quot;:4,&quot;sizes&quot;:[]},&quot;motion_fx_translateX_affectedRange&quot;:{&quot;unit&quot;:&quot;%&quot;,&quot;size&quot;:&quot;&quot;,&quot;sizes&quot;:{&quot;start&quot;:0,&quot;end&quot;:100}},&quot;motion_fx_devices&quot;:[&quot;desktop&quot;,&quot;tablet&quot;,&quot;mobile&quot;]}\">\n\t\t\t\t<div class=\"elementor-element elementor-element-e15e0ca elementor-widget elementor-widget-image\" data-id=\"e15e0ca\" data-element_type=\"widget\" data-e-type=\"widget\" data-widget_type=\"image.default\">\n\t\t\t\t\t\t\t\t\t\t\t\t\t\t\t<img fetchpriority=\"high\" decoding=\"async\" width=\"563\" height=\"1024\" src=\"http:\/\/test.bigberry.fr\/wp-content\/uploads\/2026\/04\/rideaugauche2Fichier-6@2x-563x1024.png\" class=\"attachment-large size-large wp-image-164\" alt=\"\" srcset=\"http:\/\/test.bigberry.fr\/wp-content\/uploads\/2026\/04\/rideaugauche2Fichier-6@2x-563x1024.png 563w, http:\/\/test.bigberry.fr\/wp-content\/uploads\/2026\/04\/rideaugauche2Fichier-6@2x-165x300.png 165w, http:\/\/test.bigberry.fr\/wp-content\/uploads\/2026\/04\/rideaugauche2Fichier-6@2x-768x1396.png 768w, http:\/\/test.bigberry.fr\/wp-content\/uploads\/2026\/04\/rideaugauche2Fichier-6@2x-845x1536.png 845w, http:\/\/test.bigberry.fr\/wp-content\/uploads\/2026\/04\/rideaugauche2Fichier-6@2x-1127x2048.png 1127w, http:\/\/test.bigberry.fr\/wp-content\/uploads\/2026\/04\/rideaugauche2Fichier-6@2x-scaled.png 1408w\" sizes=\"(max-width: 563px) 100vw, 563px\" \/>\t\t\t\t\t\t\t\t\t\t\t\t\t\t\t<\/div>\n\t\t\t\t<\/div>\n\t\t<div class=\"elementor-element elementor-element-d6a64de e-con-full e-flex e-con e-child\" data-id=\"d6a64de\" data-element_type=\"container\" data-e-type=\"container\" data-settings=\"{&quot;background_background&quot;:&quot;classic&quot;,&quot;motion_fx_motion_fx_scrolling&quot;:&quot;yes&quot;,&quot;motion_fx_opacity_effect&quot;:&quot;yes&quot;,&quot;motion_fx_opacity_range&quot;:{&quot;unit&quot;:&quot;%&quot;,&quot;size&quot;:&quot;&quot;,&quot;sizes&quot;:{&quot;start&quot;:43,&quot;end&quot;:52}},&quot;motion_fx_opacity_direction&quot;:&quot;out-in&quot;,&quot;motion_fx_opacity_level&quot;:{&quot;unit&quot;:&quot;px&quot;,&quot;size&quot;:10,&quot;sizes&quot;:[]},&quot;motion_fx_devices&quot;:[&quot;desktop&quot;,&quot;tablet&quot;,&quot;mobile&quot;]}\">\n\t\t\t\t<div class=\"elementor-element elementor-element-a16cd1e elementor-widget elementor-widget-spacer\" data-id=\"a16cd1e\" data-element_type=\"widget\" data-e-type=\"widget\" data-widget_type=\"spacer.default\">\n\t\t\t\t\t\t\t<div class=\"elementor-spacer\">\n\t\t\t<div class=\"elementor-spacer-inner\"><\/div>\n\t\t<\/div>\n\t\t\t\t\t\t<\/div>\n\t\t\t\t<div class=\"elementor-element elementor-element-1cdd2bd elementor-widget elementor-widget-heading\" data-id=\"1cdd2bd\" data-element_type=\"widget\" data-e-type=\"widget\" data-widget_type=\"heading.default\">\n\t\t\t\t\t<h2 class=\"elementor-heading-title elementor-size-default\">Bienvenue<\/h2>\t\t\t\t<\/div>\n\t\t\t\t<div class=\"elementor-element elementor-element-bd49208 elementor-widget elementor-widget-spacer\" data-id=\"bd49208\" data-element_type=\"widget\" data-e-type=\"widget\" data-widget_type=\"spacer.default\">\n\t\t\t\t\t\t\t<div class=\"elementor-spacer\">\n\t\t\t<div class=\"elementor-spacer-inner\"><\/div>\n\t\t<\/div>\n\t\t\t\t\t\t<\/div>\n\t\t\t\t<div class=\"elementor-element elementor-element-3fc5246 elementor-widget elementor-widget-image\" data-id=\"3fc5246\" data-element_type=\"widget\" data-e-type=\"widget\" data-widget_type=\"image.default\">\n\t\t\t\t\t\t\t\t\t\t\t\t\t\t\t<img decoding=\"async\" width=\"721\" height=\"821\" src=\"http:\/\/test.bigberry.fr\/wp-content\/uploads\/2026\/04\/logo-vertical-ombreFichier-4@4x.png\" class=\"attachment-large size-large wp-image-98\" alt=\"\" srcset=\"http:\/\/test.bigberry.fr\/wp-content\/uploads\/2026\/04\/logo-vertical-ombreFichier-4@4x.png 721w, http:\/\/test.bigberry.fr\/wp-content\/uploads\/2026\/04\/logo-vertical-ombreFichier-4@4x-263x300.png 263w\" sizes=\"(max-width: 721px) 100vw, 721px\" \/>\t\t\t\t\t\t\t\t\t\t\t\t\t\t\t<\/div>\n\t\t\t\t<\/div>\n\t\t<div class=\"elementor-element elementor-element-7463418 e-con-full e-flex e-con e-child\" data-id=\"7463418\" data-element_type=\"container\" data-e-type=\"container\" data-settings=\"{&quot;motion_fx_motion_fx_scrolling&quot;:&quot;yes&quot;,&quot;motion_fx_translateX_effect&quot;:&quot;yes&quot;,&quot;motion_fx_translateX_direction&quot;:&quot;negative&quot;,&quot;motion_fx_translateX_speed&quot;:{&quot;unit&quot;:&quot;px&quot;,&quot;size&quot;:4,&quot;sizes&quot;:[]},&quot;motion_fx_translateX_affectedRange&quot;:{&quot;unit&quot;:&quot;%&quot;,&quot;size&quot;:&quot;&quot;,&quot;sizes&quot;:{&quot;start&quot;:0,&quot;end&quot;:100}},&quot;motion_fx_devices&quot;:[&quot;desktop&quot;,&quot;tablet&quot;,&quot;mobile&quot;]}\">\n\t\t\t\t<div class=\"elementor-element elementor-element-3d5c86b elementor-widget elementor-widget-image\" data-id=\"3d5c86b\" data-element_type=\"widget\" data-e-type=\"widget\" data-widget_type=\"image.default\">\n\t\t\t\t\t\t\t\t\t\t\t\t\t\t\t<img decoding=\"async\" width=\"563\" height=\"1024\" src=\"http:\/\/test.bigberry.fr\/wp-content\/uploads\/2026\/04\/rideaudroit2Fichier-7@2x-563x1024.png\" class=\"attachment-large size-large wp-image-163\" alt=\"\" srcset=\"http:\/\/test.bigberry.fr\/wp-content\/uploads\/2026\/04\/rideaudroit2Fichier-7@2x-563x1024.png 563w, http:\/\/test.bigberry.fr\/wp-content\/uploads\/2026\/04\/rideaudroit2Fichier-7@2x-165x300.png 165w, http:\/\/test.bigberry.fr\/wp-content\/uploads\/2026\/04\/rideaudroit2Fichier-7@2x-768x1396.png 768w, http:\/\/test.bigberry.fr\/wp-content\/uploads\/2026\/04\/rideaudroit2Fichier-7@2x-845x1536.png 845w, http:\/\/test.bigberry.fr\/wp-content\/uploads\/2026\/04\/rideaudroit2Fichier-7@2x-1127x2048.png 1127w, http:\/\/test.bigberry.fr\/wp-content\/uploads\/2026\/04\/rideaudroit2Fichier-7@2x-scaled.png 1408w\" sizes=\"(max-width: 563px) 100vw, 563px\" \/>\t\t\t\t\t\t\t\t\t\t\t\t\t\t\t<\/div>\n\t\t\t\t<\/div>\n\t\t\t\t<\/div>\n\t\t<div class=\"elementor-element elementor-element-b57116e e-flex e-con-boxed e-con e-parent\" data-id=\"b57116e\" data-element_type=\"container\" data-e-type=\"container\" data-settings=\"{&quot;background_background&quot;:&quot;classic&quot;}\">\n\t\t\t\t\t<div class=\"e-con-inner\">\n\t\t<div class=\"elementor-element elementor-element-6585868 e-con-full e-flex e-con e-child\" data-id=\"6585868\" data-element_type=\"container\" data-e-type=\"container\">\n\t\t\t\t<div class=\"elementor-element elementor-element-de43fa3 elementor-widget elementor-widget-image\" data-id=\"de43fa3\" data-element_type=\"widget\" data-e-type=\"widget\" data-settings=\"{&quot;motion_fx_motion_fx_scrolling&quot;:&quot;yes&quot;,&quot;motion_fx_translateX_effect&quot;:&quot;yes&quot;,&quot;motion_fx_translateX_direction&quot;:&quot;negative&quot;,&quot;motion_fx_translateX_affectedRange&quot;:{&quot;unit&quot;:&quot;%&quot;,&quot;size&quot;:&quot;&quot;,&quot;sizes&quot;:{&quot;start&quot;:0,&quot;end&quot;:50}},&quot;motion_fx_translateX_speed&quot;:{&quot;unit&quot;:&quot;px&quot;,&quot;size&quot;:4,&quot;sizes&quot;:[]},&quot;motion_fx_devices&quot;:[&quot;desktop&quot;,&quot;tablet&quot;,&quot;mobile&quot;]}\" data-widget_type=\"image.default\">\n\t\t\t\t\t\t\t\t\t\t\t\t\t\t\t<img loading=\"lazy\" decoding=\"async\" width=\"800\" height=\"417\" src=\"http:\/\/test.bigberry.fr\/wp-content\/uploads\/2026\/04\/frise3Fichier-5@4x-1024x534.png\" class=\"attachment-large size-large wp-image-102\" alt=\"\" srcset=\"http:\/\/test.bigberry.fr\/wp-content\/uploads\/2026\/04\/frise3Fichier-5@4x-1024x534.png 1024w, http:\/\/test.bigberry.fr\/wp-content\/uploads\/2026\/04\/frise3Fichier-5@4x-300x157.png 300w, http:\/\/test.bigberry.fr\/wp-content\/uploads\/2026\/04\/frise3Fichier-5@4x-768x401.png 768w, http:\/\/test.bigberry.fr\/wp-content\/uploads\/2026\/04\/frise3Fichier-5@4x-1536x801.png 1536w, http:\/\/test.bigberry.fr\/wp-content\/uploads\/2026\/04\/frise3Fichier-5@4x.png 2003w\" sizes=\"(max-width: 800px) 100vw, 800px\" \/>\t\t\t\t\t\t\t\t\t\t\t\t\t\t\t<\/div>\n\t\t\t\t<\/div>\n\t\t<div class=\"elementor-element elementor-element-278de9b e-con-full e-flex e-con e-child\" data-id=\"278de9b\" data-element_type=\"container\" data-e-type=\"container\">\n\t\t\t\t<div class=\"elementor-element elementor-element-4eb04e3 elementor-widget elementor-widget-heading\" data-id=\"4eb04e3\" data-element_type=\"widget\" data-e-type=\"widget\" data-settings=\"{&quot;motion_fx_motion_fx_scrolling&quot;:&quot;yes&quot;,&quot;motion_fx_translateX_effect&quot;:&quot;yes&quot;,&quot;motion_fx_translateX_affectedRange&quot;:{&quot;unit&quot;:&quot;%&quot;,&quot;size&quot;:&quot;&quot;,&quot;sizes&quot;:{&quot;start&quot;:0,&quot;end&quot;:50}},&quot;motion_fx_translateX_speed&quot;:{&quot;unit&quot;:&quot;px&quot;,&quot;size&quot;:4,&quot;sizes&quot;:[]},&quot;motion_fx_devices&quot;:[&quot;desktop&quot;,&quot;tablet&quot;,&quot;mobile&quot;]}\" data-widget_type=\"heading.default\">\n\t\t\t\t\t<h2 class=\"elementor-heading-title elementor-size-default\">\u00e0 venir<\/h2>\t\t\t\t<\/div>\n\t\t\t\t<\/div>\n\t\t\t\t\t<\/div>\n\t\t\t\t<\/div>\n\t\t<div class=\"elementor-element elementor-element-24c282f e-flex e-con-boxed e-con e-parent\" data-id=\"24c282f\" data-element_type=\"container\" data-e-type=\"container\" data-settings=\"{&quot;background_background&quot;:&quot;classic&quot;}\">\n\t\t\t\t\t<div class=\"e-con-inner\">\n\t\t\t\t<div class=\"elementor-element elementor-element-d5997ae elementor-widget elementor-widget-bdt-event-grid\" data-id=\"d5997ae\" data-element_type=\"widget\" data-e-type=\"widget\" data-widget_type=\"bdt-event-grid.default\">\n\t\t\t\t\t\t\t<div id=\"d5997ae\" class=\"bdt-event-grid bdt-event-calendar skin-default\" bdt-height-match=\"target: &gt; div &gt; div &gt; div &gt; .bdt-event-content\">\n\t\t\t<div class=\"bdt-grid bdt-grid-medium bdt-child-width-1-1 bdt-child-width-1-2@s bdt-child-width-1-2@l\" bdt-grid>\n\n\t\t\t\t\t<div class=\"bdt-event-grid-item\">\n\n\t\t\t<div class=\"bdt-event-item-inner\">\n\n\t\t\t\t\n\t\t<div class=\"bdt-event-image bdt-background-cover\">\n\t\t\t<a href=\"https:\/\/test.bigberry.fr\/index.php\/event\/lheure-des-assassins\/\" \n\t\t\ttitle=\"L&rsquo;HEURE DES ASSASSINS\">\n\t\t\t\t<img decoding=\"async\" src=\"https:\/\/test.bigberry.fr\/wp-content\/uploads\/2026\/04\/AFFICHE-Lheure-des-assassins-1-640x960-1.jpg\" \n\t\t\t\talt=\"L&rsquo;HEURE DES ASSASSINS\">\n\t\t\t<\/a>\n\t\t<\/div>\n\t\n\t\t\t\t<div class=\"bdt-event-content\">\n\t\t\t\t\t<div class=\"bdt-event-intro\">\n\n\t\t\t\t\t\t\t\t<span class=\"bdt-event-date\">\n\t\t\t<a href=\"javascript:void(0);\" title=\"Start Date:avril 24 @ 20:30  - End Date:avril 24 @ 22:00\">\n\t\t\t\t<span class=\"bdt-event-day\">\n\t\t\t\t\t24\t\t\t\t<\/span>\n\t\t\t\t<span>\n\t\t\t\t\tAvr\t\t\t\t<\/span>\n\t\t\t<\/a>\n\t\t<\/span>\n\t\t\t\t\t\t\t<!-- Added New Header Wrapper -->\n\t\t\t\t\t\t<div class=\"bdt-event-header\">\n\t\t\t\t\t\t\t\n\t\t<h3 class=\"bdt-event-title-wrap\">\n\t\t\t<a href=\"https:\/\/test.bigberry.fr\/index.php\/event\/lheure-des-assassins\/\" class=\"bdt-event-title\">\n\t\t\t\tL&rsquo;HEURE DES ASSASSINS\t\t\t<\/a>\n\t\t<\/h3>\n\t\t\t\t\t\t\t\t\t\t\t\t\t\t<\/div>\t\n\n\t\t\t\t\t<\/div>\n\n\t\t\t\t\t\t\t<div class=\"bdt-event-excerpt\">\n\t\t\tCompagnie Le Renard argent\u00e9 \u2013 Mise en sc\u00e8ne Elie Rapp et Ludovic Laroche \u2013 Texte\u2026\n\t\t<\/div>\n\t\n\t\t\t\t<\/div>\n\n\t\t\t\t\n\t\t\n\t\n\t\t\t<\/div>\n\n\t\t<\/div>\n\t\t<div class=\"bdt-event-grid-item\">\n\n\t\t\t<div class=\"bdt-event-item-inner\">\n\n\t\t\t\t\n\t\t<div class=\"bdt-event-image bdt-background-cover\">\n\t\t\t<a href=\"https:\/\/test.bigberry.fr\/index.php\/event\/le-radeau-de-la-meduse\/\" \n\t\t\ttitle=\"LE RADEAU DE LA MEDUSE\">\n\t\t\t\t<img decoding=\"async\" src=\"https:\/\/test.bigberry.fr\/wp-content\/uploads\/2026\/04\/images-1.jpg\" \n\t\t\t\talt=\"LE RADEAU DE LA MEDUSE\">\n\t\t\t<\/a>\n\t\t<\/div>\n\t\n\t\t\t\t<div class=\"bdt-event-content\">\n\t\t\t\t\t<div class=\"bdt-event-intro\">\n\n\t\t\t\t\t\t\t\t<span class=\"bdt-event-date\">\n\t\t\t<a href=\"javascript:void(0);\" title=\"Start Date:mai 22 @ 08:30  - End Date:mai 22 @ 22:00\">\n\t\t\t\t<span class=\"bdt-event-day\">\n\t\t\t\t\t22\t\t\t\t<\/span>\n\t\t\t\t<span>\n\t\t\t\t\tMai\t\t\t\t<\/span>\n\t\t\t<\/a>\n\t\t<\/span>\n\t\t\t\t\t\t\t<!-- Added New Header Wrapper -->\n\t\t\t\t\t\t<div class=\"bdt-event-header\">\n\t\t\t\t\t\t\t\n\t\t<h3 class=\"bdt-event-title-wrap\">\n\t\t\t<a href=\"https:\/\/test.bigberry.fr\/index.php\/event\/le-radeau-de-la-meduse\/\" class=\"bdt-event-title\">\n\t\t\t\tLE RADEAU DE LA MEDUSE\t\t\t<\/a>\n\t\t<\/h3>\n\t\t\t\t\t\t\t\t\t\t\t\t\t\t<\/div>\t\n\n\t\t\t\t\t<\/div>\n\n\t\t\t\t\t\t\t<div class=\"bdt-event-excerpt\">\n\t\t\tAuteur et metteur en sc\u00e8ne Alexandre Delimoges Avec Anne Cangelosi \u2013 Diffusion Marilu Production En\u2026\n\t\t<\/div>\n\t\n\t\t\t\t<\/div>\n\n\t\t\t\t\n\t\t\n\t\n\t\t\t<\/div>\n\n\t\t<\/div>\n\n\t\t\t<\/div>\n\t\t<\/div>\n\t\t\t\t\t<\/div>\n\t\t\t\t\t<\/div>\n\t\t\t\t<\/div>\n\t\t<div class=\"elementor-element elementor-element-771356a e-flex e-con-boxed e-con e-parent\" data-id=\"771356a\" data-element_type=\"container\" data-e-type=\"container\" data-settings=\"{&quot;background_background&quot;:&quot;classic&quot;}\">\n\t\t\t\t\t<div class=\"e-con-inner\">\n\t\t<div class=\"elementor-element elementor-element-0712f20 e-con-full e-flex e-con e-child\" data-id=\"0712f20\" data-element_type=\"container\" data-e-type=\"container\">\n\t\t\t\t<div class=\"elementor-element elementor-element-4a5e1c7 elementor-widget elementor-widget-image\" data-id=\"4a5e1c7\" data-element_type=\"widget\" data-e-type=\"widget\" data-settings=\"{&quot;motion_fx_motion_fx_scrolling&quot;:&quot;yes&quot;,&quot;motion_fx_translateX_effect&quot;:&quot;yes&quot;,&quot;motion_fx_translateX_direction&quot;:&quot;negative&quot;,&quot;motion_fx_translateX_affectedRange&quot;:{&quot;unit&quot;:&quot;%&quot;,&quot;size&quot;:&quot;&quot;,&quot;sizes&quot;:{&quot;start&quot;:0,&quot;end&quot;:50}},&quot;motion_fx_translateX_speed&quot;:{&quot;unit&quot;:&quot;px&quot;,&quot;size&quot;:4,&quot;sizes&quot;:[]},&quot;motion_fx_devices&quot;:[&quot;desktop&quot;,&quot;tablet&quot;,&quot;mobile&quot;]}\" data-widget_type=\"image.default\">\n\t\t\t\t\t\t\t\t\t\t\t\t\t\t\t<img loading=\"lazy\" decoding=\"async\" width=\"800\" height=\"417\" src=\"http:\/\/test.bigberry.fr\/wp-content\/uploads\/2026\/04\/frise3Fichier-5@4x-1024x534.png\" class=\"attachment-large size-large wp-image-102\" alt=\"\" srcset=\"http:\/\/test.bigberry.fr\/wp-content\/uploads\/2026\/04\/frise3Fichier-5@4x-1024x534.png 1024w, http:\/\/test.bigberry.fr\/wp-content\/uploads\/2026\/04\/frise3Fichier-5@4x-300x157.png 300w, http:\/\/test.bigberry.fr\/wp-content\/uploads\/2026\/04\/frise3Fichier-5@4x-768x401.png 768w, http:\/\/test.bigberry.fr\/wp-content\/uploads\/2026\/04\/frise3Fichier-5@4x-1536x801.png 1536w, http:\/\/test.bigberry.fr\/wp-content\/uploads\/2026\/04\/frise3Fichier-5@4x.png 2003w\" sizes=\"(max-width: 800px) 100vw, 800px\" \/>\t\t\t\t\t\t\t\t\t\t\t\t\t\t\t<\/div>\n\t\t\t\t<\/div>\n\t\t<div class=\"elementor-element elementor-element-43e6828 e-con-full e-flex e-con e-child\" data-id=\"43e6828\" data-element_type=\"container\" data-e-type=\"container\">\n\t\t\t\t<div class=\"elementor-element elementor-element-3745e86 elementor-widget elementor-widget-heading\" data-id=\"3745e86\" data-element_type=\"widget\" data-e-type=\"widget\" data-settings=\"{&quot;motion_fx_motion_fx_scrolling&quot;:&quot;yes&quot;,&quot;motion_fx_translateX_effect&quot;:&quot;yes&quot;,&quot;motion_fx_translateX_affectedRange&quot;:{&quot;unit&quot;:&quot;%&quot;,&quot;size&quot;:&quot;&quot;,&quot;sizes&quot;:{&quot;start&quot;:0,&quot;end&quot;:50}},&quot;motion_fx_translateX_speed&quot;:{&quot;unit&quot;:&quot;px&quot;,&quot;size&quot;:4,&quot;sizes&quot;:[]},&quot;motion_fx_devices&quot;:[&quot;desktop&quot;,&quot;tablet&quot;,&quot;mobile&quot;]}\" data-widget_type=\"heading.default\">\n\t\t\t\t\t<h2 class=\"elementor-heading-title elementor-size-default\">Tout le programme<\/h2>\t\t\t\t<\/div>\n\t\t\t\t<\/div>\n\t\t\t\t\t<\/div>\n\t\t\t\t<\/div>\n\t\t<div class=\"elementor-element elementor-element-c286ed3 e-flex e-con-boxed e-con e-parent\" data-id=\"c286ed3\" data-element_type=\"container\" data-e-type=\"container\" data-settings=\"{&quot;background_background&quot;:&quot;classic&quot;}\">\n\t\t\t\t\t<div class=\"e-con-inner\">\n\t\t\t\t<div class=\"elementor-element elementor-element-00227ae elementor-widget elementor-widget-the-events-calendar-addon\" data-id=\"00227ae\" data-element_type=\"widget\" data-e-type=\"widget\" data-widget_type=\"the-events-calendar-addon.default\">\n\t\t\t\t<div class=\"elementor-widget-container\">\n\t\t\t\t\t<!=========Events list Template 1.7.3=========><script type=\"application\/ld+json\">\r\n[{\"@context\":\"http:\/\/schema.org\",\"@type\":\"Event\",\"name\":\"LE RADEAU DE LA MEDUSE\",\"description\":\"&lt;p&gt;Auteur et metteur en sc\\u00e8ne Alexandre Delimoges Avec Anne Cangelosi \\u2013 Diffusion Marilu Production En 1818, G\\u00e9ricault d\\u00e9marre sa plus c\\u00e9l\\u00e8bre toile \\u00ab\\u00a0Le radeau de la M\\u00e9duse\\u00a0\\u00bb et fait scandale [&hellip;]&lt;\/p&gt;\\\\n\",\"image\":\"https:\/\/test.bigberry.fr\/wp-content\/uploads\/2026\/04\/images-1.jpg\",\"url\":\"https:\/\/test.bigberry.fr\/index.php\/event\/le-radeau-de-la-meduse\/\",\"eventAttendanceMode\":\"https:\/\/schema.org\/OfflineEventAttendanceMode\",\"eventStatus\":\"https:\/\/schema.org\/EventScheduled\",\"startDate\":\"2026-05-22T08:30:00+00:00\",\"endDate\":\"2026-05-22T22:00:00+00:00\",\"performer\":\"Organization\"},{\"@context\":\"http:\/\/schema.org\",\"@type\":\"Event\",\"name\":\"MADSLO\",\"description\":\"&lt;p&gt;Concert fusion jazzy. Un son chaud \\u00e9tonnant m\\u00ealant roumba, bossa, trad et soul qui pourrait \\u00eatre une BO de Tarantino.&lt;\/p&gt;\\\\n\",\"image\":\"https:\/\/test.bigberry.fr\/wp-content\/uploads\/2026\/04\/tsob_-_promo-1.jpeg\",\"url\":\"https:\/\/test.bigberry.fr\/index.php\/event\/madslo\/\",\"eventAttendanceMode\":\"https:\/\/schema.org\/OfflineEventAttendanceMode\",\"eventStatus\":\"https:\/\/schema.org\/EventScheduled\",\"startDate\":\"2026-06-16T08:00:00+00:00\",\"endDate\":\"2026-06-16T17:00:00+00:00\",\"performer\":\"Organization\"}]\r\n<\/script><div id=\"ectbe-wrapper-00227ae\" class=\"ectbe-wrapper ectbe-list-wrapper style-2\"><div class=\"ectbe-month-header ectbe-featured-event\">mai 2026<\/div><div id=\"event-49\" class=\"ectbe-inner-wrapper ectbe-featured-event\"><div id=\"ectbe-date\" class=\"ectbe-date-area\">\n\t\t\t\t\t\t<span class=\"ectbe-ev-mo\">Mai<\/span>\n\t\t\t\t\t\t<span class=\"ectbe-ev-day\">22<\/span>\n\t\t\t\t\t<\/div><div class=\"ectbe-content-box\"><div class=\"ectbe-date-area\">\n                                <span class=\"ectbe-ev-day\">22<\/span>\n                                <span class=\"ectbe-ev-mo\">mai<\/span>\n                                <span class=\"ectbe-ev-yr\">2026<\/span>\n                                <\/div><div class=\"ectbe-ev-cate\"><ul class=\"ectbe-evt-category\"><li class=\"ectbe-each-cate\"><a href=\"https:\/\/test.bigberry.fr\/index.php\/events\/categorie\/theatre\/\" rel=\"tag\">Th\u00e9atre<\/a><\/li><\/ul><\/div><div class=\"ectbe-evt-title\"><a class=\"ectbe-evt-url\" href=\"https:\/\/test.bigberry.fr\/index.php\/event\/le-radeau-de-la-meduse\/\">LE RADEAU DE LA MEDUSE<\/a><\/div><div class=\"ectbe-evt-description\"><p>Auteur et metteur en sc\u00e8ne Alexandre Delimoges Avec Anne Cangelosi \u2013 Diffusion Marilu Production En 1818, G\u00e9ricault d\u00e9marre sa plus c\u00e9l\u00e8bre toile \u00ab\u00a0Le radeau de la M\u00e9duse\u00a0\u00bb et fait scandale [&hellip;]<\/p>\n<\/div><div class=\"ectbe-evt-more-box\"><a class=\"ectbe-evt-read-more\" href=\"https:\/\/test.bigberry.fr\/index.php\/event\/le-radeau-de-la-meduse\/\">Find out more<\/a><\/div><\/div><div class=\"ectbe-evt-img\"><img decoding=\"async\" src=\"https:\/\/test.bigberry.fr\/wp-content\/uploads\/2026\/04\/images-1.jpg\" alt=\"\" \/><\/div><\/div><div class=\"ectbe-month-header ectbe-simple-event\">juin 2026<\/div><div id=\"event-132\" class=\"ectbe-inner-wrapper ectbe-simple-event\"><div id=\"ectbe-date\" class=\"ectbe-date-area\">\n\t\t\t\t\t\t<span class=\"ectbe-ev-mo\">Juin<\/span>\n\t\t\t\t\t\t<span class=\"ectbe-ev-day\">16<\/span>\n\t\t\t\t\t<\/div><div class=\"ectbe-content-box\"><div class=\"ectbe-date-area\">\n                                <span class=\"ectbe-ev-day\">16<\/span>\n                                <span class=\"ectbe-ev-mo\">juin<\/span>\n                                <span class=\"ectbe-ev-yr\">2026<\/span>\n                                <\/div><div class=\"ectbe-ev-cate\"><ul class=\"ectbe-evt-category\"><li class=\"ectbe-each-cate\"><a href=\"https:\/\/test.bigberry.fr\/index.php\/events\/categorie\/concerts\/\" rel=\"tag\">Concerts<\/a><\/li><\/ul><\/div><div class=\"ectbe-evt-title\"><a class=\"ectbe-evt-url\" href=\"https:\/\/test.bigberry.fr\/index.php\/event\/madslo\/\">MADSLO<\/a><\/div><div class=\"ectbe-evt-description\"><p>Concert fusion jazzy. Un son chaud \u00e9tonnant m\u00ealant roumba, bossa, trad et soul qui pourrait \u00eatre une BO de Tarantino.<\/p>\n<\/div><div class=\"ectbe-evt-more-box\"><a class=\"ectbe-evt-read-more\" href=\"https:\/\/test.bigberry.fr\/index.php\/event\/madslo\/\">Find out more<\/a><\/div><\/div><div class=\"ectbe-evt-img\"><img decoding=\"async\" src=\"https:\/\/test.bigberry.fr\/wp-content\/uploads\/2026\/04\/tsob_-_promo-1-1024x683.jpeg\" alt=\"\" \/><\/div><\/div><\/div><style type=\"text\/css\">.elementor-49 .elementor-element.elementor-element-00227ae .ectbe-list-wrapper{--e-ectbe-date-area-background:#FAB50C;}.elementor-49 .elementor-element.elementor-element-00227ae .ectbe-list-wrapper{--e-ectbe-date-area-color:#FAB50C;}.elementor-49 .elementor-element.elementor-element-00227ae .ectbe-list-wrapper{--e-ectbe-evt-title-color:#FFFFFF;}.elementor-49 .elementor-element.elementor-element-00227ae .ectbe-list-wrapper{--e-ectbe-evt-description-color:#C9D9F5;}.elementor-49 .elementor-element.elementor-element-00227ae .ectbe-evt-title .ectbe-evt-url{font-size:24px;}<\/style>\t\t\t\t<\/div>\n\t\t\t\t<\/div>\n\t\t\t\t\t<\/div>\n\t\t\t\t<\/div>\n\t\t\t\t<\/div>\n\t\t","protected":false},"excerpt":{"rendered":"<p>Bienvenue \u00e0 venir 24 Avr L&rsquo;HEURE DES ASSASSINS Compagnie Le Renard argent\u00e9 \u2013 Mise en sc\u00e8ne Elie Rapp et Ludovic Laroche \u2013 Texte\u2026 22 Mai LE RADEAU DE LA MEDUSE [&hellip;]<\/p>\n","protected":false},"author":1,"featured_media":0,"parent":0,"menu_order":0,"comment_status":"closed","ping_status":"closed","template":"elementor_header_footer","meta":{"footnotes":""},"class_list":["post-38","page","type-page","status-publish","hentry","cat_theatre"],"_links":{"self":[{"href":"https:\/\/test.bigberry.fr\/index.php\/wp-json\/wp\/v2\/pages\/38","targetHints":{"allow":["GET"]}}],"collection":[{"href":"https:\/\/test.bigberry.fr\/index.php\/wp-json\/wp\/v2\/pages"}],"about":[{"href":"https:\/\/test.bigberry.fr\/index.php\/wp-json\/wp\/v2\/types\/page"}],"author":[{"embeddable":true,"href":"https:\/\/test.bigberry.fr\/index.php\/wp-json\/wp\/v2\/users\/1"}],"replies":[{"embeddable":true,"href":"https:\/\/test.bigberry.fr\/index.php\/wp-json\/wp\/v2\/comments?post=38"}],"version-history":[{"count":91,"href":"https:\/\/test.bigberry.fr\/index.php\/wp-json\/wp\/v2\/pages\/38\/revisions"}],"predecessor-version":[{"id":242,"href":"https:\/\/test.bigberry.fr\/index.php\/wp-json\/wp\/v2\/pages\/38\/revisions\/242"}],"wp:attachment":[{"href":"https:\/\/test.bigberry.fr\/index.php\/wp-json\/wp\/v2\/media?parent=38"}],"curies":[{"name":"wp","href":"https:\/\/api.w.org\/{rel}","templated":true}]}}