{"id":12,"date":"2026-04-07T08:28:03","date_gmt":"2026-04-07T08:28:03","guid":{"rendered":"https:\/\/test.bigberry.fr\/?page_id=12"},"modified":"2026-04-29T13:05:50","modified_gmt":"2026-04-29T13:05:50","slug":"la-saison","status":"publish","type":"page","link":"https:\/\/test.bigberry.fr\/index.php\/la-saison\/","title":{"rendered":"La saison"},"content":{"rendered":"\t\t<div data-elementor-type=\"wp-page\" data-elementor-id=\"12\" class=\"elementor elementor-12\" data-elementor-post-type=\"page\">\n\t\t\t\t<div class=\"elementor-element elementor-element-bfadb8d e-grid e-con-boxed e-con e-parent\" data-id=\"bfadb8d\" data-element_type=\"container\" data-e-type=\"container\" data-settings=\"{&quot;background_background&quot;:&quot;classic&quot;}\">\n\t\t\t\t\t<div class=\"e-con-inner\">\n\t\t<div class=\"elementor-element elementor-element-fd36bb6 e-flex e-con-boxed e-con e-child\" data-id=\"fd36bb6\" data-element_type=\"container\" data-e-type=\"container\">\n\t\t\t\t\t<div class=\"e-con-inner\">\n\t\t\t\t\t<\/div>\n\t\t\t\t<\/div>\n\t\t<div class=\"elementor-element elementor-element-e6681ee e-con-full e-flex e-con e-child\" data-id=\"e6681ee\" data-element_type=\"container\" data-e-type=\"container\">\n\t\t<div class=\"elementor-element elementor-element-60dcd00 e-con-full e-flex e-con e-child\" data-id=\"60dcd00\" data-element_type=\"container\" data-e-type=\"container\" data-settings=\"{&quot;background_background&quot;:&quot;classic&quot;,&quot;motion_fx_motion_fx_scrolling&quot;:&quot;yes&quot;,&quot;motion_fx_opacity_effect&quot;:&quot;yes&quot;,&quot;motion_fx_opacity_range&quot;:{&quot;unit&quot;:&quot;%&quot;,&quot;size&quot;:&quot;&quot;,&quot;sizes&quot;:{&quot;start&quot;:40,&quot;end&quot;:61}},&quot;motion_fx_opacity_direction&quot;:&quot;out-in&quot;,&quot;motion_fx_opacity_level&quot;:{&quot;unit&quot;:&quot;px&quot;,&quot;size&quot;:10,&quot;sizes&quot;:[]},&quot;motion_fx_devices&quot;:[&quot;desktop&quot;,&quot;tablet&quot;,&quot;mobile&quot;]}\">\n\t\t\t\t<div class=\"elementor-element elementor-element-527a831 elementor-widget elementor-widget-image\" data-id=\"527a831\" data-element_type=\"widget\" data-e-type=\"widget\" data-widget_type=\"image.default\">\n\t\t\t\t\t\t\t\t\t\t\t\t\t\t\t<img fetchpriority=\"high\" decoding=\"async\" width=\"504\" height=\"176\" src=\"http:\/\/test.bigberry.fr\/wp-content\/uploads\/2026\/04\/logo-hrizontalFichier-1@2x.png\" class=\"attachment-large size-large wp-image-35\" alt=\"\" srcset=\"http:\/\/test.bigberry.fr\/wp-content\/uploads\/2026\/04\/logo-hrizontalFichier-1@2x.png 504w, http:\/\/test.bigberry.fr\/wp-content\/uploads\/2026\/04\/logo-hrizontalFichier-1@2x-300x105.png 300w\" sizes=\"(max-width: 504px) 100vw, 504px\" \/>\t\t\t\t\t\t\t\t\t\t\t\t\t\t\t<\/div>\n\t\t\t\t<div class=\"elementor-element elementor-element-c697b73 elementor-widget elementor-widget-text-editor\" data-id=\"c697b73\" data-element_type=\"widget\" data-e-type=\"widget\" data-widget_type=\"text-editor.default\">\n\t\t\t\t\t\t\t\t\t<p>5, avenue George Sand<br \/>36\u2009400 La Ch\u00e2tre<\/p>\t\t\t\t\t\t\t\t<\/div>\n\t\t<div class=\"elementor-element elementor-element-3119220 e-con-full e-flex e-con e-child\" data-id=\"3119220\" data-element_type=\"container\" data-e-type=\"container\">\n\t\t<div class=\"elementor-element elementor-element-0cc1925 e-con-full e-flex e-con e-child\" data-id=\"0cc1925\" data-element_type=\"container\" data-e-type=\"container\">\n\t\t\t\t<div class=\"elementor-element elementor-element-59c98b0 elementor-view-default elementor-widget elementor-widget-icon\" data-id=\"59c98b0\" data-element_type=\"widget\" data-e-type=\"widget\" data-widget_type=\"icon.default\">\n\t\t\t\t\t\t\t<div class=\"elementor-icon-wrapper\">\n\t\t\t<div class=\"elementor-icon\">\n\t\t\t<svg aria-hidden=\"true\" class=\"e-font-icon-svg e-fas-phone-alt\" viewBox=\"0 0 512 512\" xmlns=\"http:\/\/www.w3.org\/2000\/svg\"><path d=\"M497.39 361.8l-112-48a24 24 0 0 0-28 6.9l-49.6 60.6A370.66 370.66 0 0 1 130.6 204.11l60.6-49.6a23.94 23.94 0 0 0 6.9-28l-48-112A24.16 24.16 0 0 0 122.6.61l-104 24A24 24 0 0 0 0 48c0 256.5 207.9 464 464 464a24 24 0 0 0 23.4-18.6l24-104a24.29 24.29 0 0 0-14.01-27.6z\"><\/path><\/svg>\t\t\t<\/div>\n\t\t<\/div>\n\t\t\t\t\t\t<\/div>\n\t\t\t\t<\/div>\n\t\t<div class=\"elementor-element elementor-element-cd3ff7f e-flex e-con-boxed e-con e-child\" data-id=\"cd3ff7f\" data-element_type=\"container\" data-e-type=\"container\">\n\t\t\t\t\t<div class=\"e-con-inner\">\n\t\t\t\t<div class=\"elementor-element elementor-element-3464c51 elementor-widget elementor-widget-heading\" data-id=\"3464c51\" data-element_type=\"widget\" data-e-type=\"widget\" data-widget_type=\"heading.default\">\n\t\t\t\t\t<h3 class=\"elementor-heading-title elementor-size-default\">02 54 48 20 10<\/h3>\t\t\t\t<\/div>\n\t\t\t\t\t<\/div>\n\t\t\t\t<\/div>\n\t\t\t\t<\/div>\n\t\t<div class=\"elementor-element elementor-element-e0f831c e-con-full e-flex e-con e-child\" data-id=\"e0f831c\" data-element_type=\"container\" data-e-type=\"container\">\n\t\t\t\t<div class=\"elementor-element elementor-element-ac7ad32 elementor-align-center elementor-widget elementor-widget-button\" data-id=\"ac7ad32\" data-element_type=\"widget\" data-e-type=\"widget\" data-widget_type=\"button.default\">\n\t\t\t\t\t\t\t\t\t\t<a class=\"elementor-button elementor-button-link elementor-size-sm\" href=\"#\">\n\t\t\t\t\t\t<span class=\"elementor-button-content-wrapper\">\n\t\t\t\t\t\t\t\t\t<span class=\"elementor-button-text\">Nous contacter par mail<\/span>\n\t\t\t\t\t<\/span>\n\t\t\t\t\t<\/a>\n\t\t\t\t\t\t\t\t<\/div>\n\t\t\t\t<\/div>\n\t\t\t\t<\/div>\n\t\t\t\t<\/div>\n\t\t\t\t\t<\/div>\n\t\t\t\t<\/div>\n\t\t<div class=\"elementor-element elementor-element-45f9c36 e-grid e-con-boxed e-con e-parent\" data-id=\"45f9c36\" data-element_type=\"container\" data-e-type=\"container\" data-settings=\"{&quot;background_background&quot;:&quot;classic&quot;}\">\n\t\t\t\t\t<div class=\"e-con-inner\">\n\t\t<div class=\"elementor-element elementor-element-a89d409 e-con-full e-flex e-con e-child\" data-id=\"a89d409\" data-element_type=\"container\" data-e-type=\"container\" data-settings=\"{&quot;motion_fx_motion_fx_scrolling&quot;:&quot;yes&quot;,&quot;motion_fx_translateX_effect&quot;:&quot;yes&quot;,&quot;motion_fx_translateX_direction&quot;:&quot;negative&quot;,&quot;motion_fx_translateX_affectedRange&quot;:{&quot;unit&quot;:&quot;%&quot;,&quot;size&quot;:&quot;&quot;,&quot;sizes&quot;:{&quot;start&quot;:0,&quot;end&quot;:50}},&quot;motion_fx_translateX_speed&quot;:{&quot;unit&quot;:&quot;px&quot;,&quot;size&quot;:4,&quot;sizes&quot;:[]},&quot;motion_fx_devices&quot;:[&quot;desktop&quot;,&quot;tablet&quot;,&quot;mobile&quot;]}\">\n\t\t\t\t<div class=\"elementor-element elementor-element-c1b24b3 elementor-widget elementor-widget-image\" data-id=\"c1b24b3\" data-element_type=\"widget\" data-e-type=\"widget\" data-widget_type=\"image.default\">\n\t\t\t\t\t\t\t\t\t\t\t\t\t\t\t<img decoding=\"async\" width=\"388\" height=\"98\" src=\"http:\/\/test.bigberry.fr\/wp-content\/uploads\/2026\/04\/decogaucheFichier-4@2x.png\" class=\"attachment-large size-large wp-image-156\" alt=\"\" srcset=\"http:\/\/test.bigberry.fr\/wp-content\/uploads\/2026\/04\/decogaucheFichier-4@2x.png 388w, http:\/\/test.bigberry.fr\/wp-content\/uploads\/2026\/04\/decogaucheFichier-4@2x-300x76.png 300w\" sizes=\"(max-width: 388px) 100vw, 388px\" \/>\t\t\t\t\t\t\t\t\t\t\t\t\t\t\t<\/div>\n\t\t\t\t<\/div>\n\t\t<div class=\"elementor-element elementor-element-5ed2d2d e-con-full e-flex e-con e-child\" data-id=\"5ed2d2d\" data-element_type=\"container\" data-e-type=\"container\">\n\t\t\t\t<div class=\"elementor-element elementor-element-fff2ffe elementor-widget elementor-widget-heading\" data-id=\"fff2ffe\" data-element_type=\"widget\" data-e-type=\"widget\" data-widget_type=\"heading.default\">\n\t\t\t\t\t<h2 class=\"elementor-heading-title elementor-size-default\">\u00e0 venir<\/h2>\t\t\t\t<\/div>\n\t\t\t\t<\/div>\n\t\t<div class=\"elementor-element elementor-element-fcacd36 e-con-full e-flex e-con e-child\" data-id=\"fcacd36\" data-element_type=\"container\" data-e-type=\"container\" data-settings=\"{&quot;motion_fx_motion_fx_scrolling&quot;:&quot;yes&quot;,&quot;motion_fx_translateX_effect&quot;:&quot;yes&quot;,&quot;motion_fx_translateX_affectedRange&quot;:{&quot;unit&quot;:&quot;%&quot;,&quot;size&quot;:&quot;&quot;,&quot;sizes&quot;:{&quot;start&quot;:0,&quot;end&quot;:50}},&quot;motion_fx_translateX_speed&quot;:{&quot;unit&quot;:&quot;px&quot;,&quot;size&quot;:4,&quot;sizes&quot;:[]},&quot;motion_fx_devices&quot;:[&quot;desktop&quot;,&quot;tablet&quot;,&quot;mobile&quot;]}\">\n\t\t\t\t<div class=\"elementor-element elementor-element-53ce59a elementor-widget elementor-widget-image\" data-id=\"53ce59a\" data-element_type=\"widget\" data-e-type=\"widget\" data-widget_type=\"image.default\">\n\t\t\t\t\t\t\t\t\t\t\t\t\t\t\t<img decoding=\"async\" width=\"387\" height=\"98\" src=\"http:\/\/test.bigberry.fr\/wp-content\/uploads\/2026\/04\/decodroiteFichier-3@2x.png\" class=\"attachment-large size-large wp-image-155\" alt=\"\" srcset=\"http:\/\/test.bigberry.fr\/wp-content\/uploads\/2026\/04\/decodroiteFichier-3@2x.png 387w, http:\/\/test.bigberry.fr\/wp-content\/uploads\/2026\/04\/decodroiteFichier-3@2x-300x76.png 300w\" sizes=\"(max-width: 387px) 100vw, 387px\" \/>\t\t\t\t\t\t\t\t\t\t\t\t\t\t\t<\/div>\n\t\t\t\t<\/div>\n\t\t\t\t\t<\/div>\n\t\t\t\t<\/div>\n\t\t<div class=\"elementor-element elementor-element-2a4ace9 e-flex e-con-boxed e-con e-parent\" data-id=\"2a4ace9\" data-element_type=\"container\" data-e-type=\"container\" data-settings=\"{&quot;background_background&quot;:&quot;classic&quot;}\">\n\t\t\t\t\t<div class=\"e-con-inner\">\n\t\t\t\t<div class=\"elementor-element elementor-element-a9304c9 elementor-widget elementor-widget-bdt-event-grid\" data-id=\"a9304c9\" data-element_type=\"widget\" data-e-type=\"widget\" data-widget_type=\"bdt-event-grid.default\">\n\t\t\t\t\t\t\t<div id=\"a9304c9\" class=\"bdt-event-grid bdt-event-calendar skin-default\" bdt-height-match=\"target: &gt; div &gt; div &gt; div &gt; .bdt-event-content\">\n\t\t\t<div class=\"bdt-grid bdt-grid-medium bdt-child-width-1-1 bdt-child-width-1-2@s bdt-child-width-1-3@l\" bdt-grid>\n\n\t\t\t\t\t<div class=\"bdt-event-grid-item\">\n\n\t\t\t<div class=\"bdt-event-item-inner\">\n\n\t\t\t\t\n\t\t<div class=\"bdt-event-image bdt-background-cover\">\n\t\t\t<a href=\"https:\/\/test.bigberry.fr\/index.php\/event\/lheure-des-assassins\/\" \n\t\t\ttitle=\"L&rsquo;HEURE DES ASSASSINS\">\n\t\t\t\t<img decoding=\"async\" src=\"https:\/\/test.bigberry.fr\/wp-content\/uploads\/2026\/04\/AFFICHE-Lheure-des-assassins-1-640x960-1.jpg\" \n\t\t\t\talt=\"L&rsquo;HEURE DES ASSASSINS\">\n\t\t\t<\/a>\n\t\t<\/div>\n\t\n\t\t\t\t<div class=\"bdt-event-content\">\n\t\t\t\t\t<div class=\"bdt-event-intro\">\n\n\t\t\t\t\t\t\t\t<span class=\"bdt-event-date\">\n\t\t\t<a href=\"javascript:void(0);\" title=\"Start Date:avril 24 @ 20:30  - End Date:avril 24 @ 22:00\">\n\t\t\t\t<span class=\"bdt-event-day\">\n\t\t\t\t\t24\t\t\t\t<\/span>\n\t\t\t\t<span>\n\t\t\t\t\tAvr\t\t\t\t<\/span>\n\t\t\t<\/a>\n\t\t<\/span>\n\t\t\t\t\t\t\t<!-- Added New Header Wrapper -->\n\t\t\t\t\t\t<div class=\"bdt-event-header\">\n\t\t\t\t\t\t\t\n\t\t<h3 class=\"bdt-event-title-wrap\">\n\t\t\t<a href=\"https:\/\/test.bigberry.fr\/index.php\/event\/lheure-des-assassins\/\" class=\"bdt-event-title\">\n\t\t\t\tL&rsquo;HEURE DES ASSASSINS\t\t\t<\/a>\n\t\t<\/h3>\n\t\t\t\t\t\t\t\t\t\t\t\t\t\t<\/div>\t\n\n\t\t\t\t\t<\/div>\n\n\t\t\t\t\t\t\t<div class=\"bdt-event-excerpt\">\n\t\t\tCompagnie Le Renard argent\u00e9 \u2013 Mise en sc\u00e8ne Elie Rapp et Ludovic Laroche \u2013 Texte\u2026\n\t\t<\/div>\n\t\n\t\t\t\t<\/div>\n\n\t\t\t\t\n\t\t\n\t\n\t\t\t<\/div>\n\n\t\t<\/div>\n\t\t<div class=\"bdt-event-grid-item\">\n\n\t\t\t<div class=\"bdt-event-item-inner\">\n\n\t\t\t\t\n\t\t<div class=\"bdt-event-image bdt-background-cover\">\n\t\t\t<a href=\"https:\/\/test.bigberry.fr\/index.php\/event\/le-radeau-de-la-meduse\/\" \n\t\t\ttitle=\"LE RADEAU DE LA MEDUSE\">\n\t\t\t\t<img decoding=\"async\" src=\"https:\/\/test.bigberry.fr\/wp-content\/uploads\/2026\/04\/images-1.jpg\" \n\t\t\t\talt=\"LE RADEAU DE LA MEDUSE\">\n\t\t\t<\/a>\n\t\t<\/div>\n\t\n\t\t\t\t<div class=\"bdt-event-content\">\n\t\t\t\t\t<div class=\"bdt-event-intro\">\n\n\t\t\t\t\t\t\t\t<span class=\"bdt-event-date\">\n\t\t\t<a href=\"javascript:void(0);\" title=\"Start Date:mai 22 @ 08:30  - End Date:mai 22 @ 22:00\">\n\t\t\t\t<span class=\"bdt-event-day\">\n\t\t\t\t\t22\t\t\t\t<\/span>\n\t\t\t\t<span>\n\t\t\t\t\tMai\t\t\t\t<\/span>\n\t\t\t<\/a>\n\t\t<\/span>\n\t\t\t\t\t\t\t<!-- Added New Header Wrapper -->\n\t\t\t\t\t\t<div class=\"bdt-event-header\">\n\t\t\t\t\t\t\t\n\t\t<h3 class=\"bdt-event-title-wrap\">\n\t\t\t<a href=\"https:\/\/test.bigberry.fr\/index.php\/event\/le-radeau-de-la-meduse\/\" class=\"bdt-event-title\">\n\t\t\t\tLE RADEAU DE LA MEDUSE\t\t\t<\/a>\n\t\t<\/h3>\n\t\t\t\t\t\t\t\t\t\t\t\t\t\t<\/div>\t\n\n\t\t\t\t\t<\/div>\n\n\t\t\t\t\t\t\t<div class=\"bdt-event-excerpt\">\n\t\t\tAuteur et metteur en sc\u00e8ne Alexandre Delimoges Avec Anne Cangelosi \u2013 Diffusion Marilu Production En\u2026\n\t\t<\/div>\n\t\n\t\t\t\t<\/div>\n\n\t\t\t\t\n\t\t\n\t\n\t\t\t<\/div>\n\n\t\t<\/div>\n\t\t<div class=\"bdt-event-grid-item\">\n\n\t\t\t<div class=\"bdt-event-item-inner\">\n\n\t\t\t\t\n\t\t<div class=\"bdt-event-image bdt-background-cover\">\n\t\t\t<a href=\"https:\/\/test.bigberry.fr\/index.php\/event\/madslo\/\" \n\t\t\ttitle=\"MADSLO\">\n\t\t\t\t<img decoding=\"async\" src=\"https:\/\/test.bigberry.fr\/wp-content\/uploads\/2026\/04\/tsob_-_promo-1-1024x683.jpeg\" \n\t\t\t\talt=\"MADSLO\">\n\t\t\t<\/a>\n\t\t<\/div>\n\t\n\t\t\t\t<div class=\"bdt-event-content\">\n\t\t\t\t\t<div class=\"bdt-event-intro\">\n\n\t\t\t\t\t\t\t\t<span class=\"bdt-event-date\">\n\t\t\t<a href=\"javascript:void(0);\" title=\"Start Date:juin 16 @ 08:00  - End Date:juin 16 @ 17:00\">\n\t\t\t\t<span class=\"bdt-event-day\">\n\t\t\t\t\t16\t\t\t\t<\/span>\n\t\t\t\t<span>\n\t\t\t\t\tJuin\t\t\t\t<\/span>\n\t\t\t<\/a>\n\t\t<\/span>\n\t\t\t\t\t\t\t<!-- Added New Header Wrapper -->\n\t\t\t\t\t\t<div class=\"bdt-event-header\">\n\t\t\t\t\t\t\t\n\t\t<h3 class=\"bdt-event-title-wrap\">\n\t\t\t<a href=\"https:\/\/test.bigberry.fr\/index.php\/event\/madslo\/\" class=\"bdt-event-title\">\n\t\t\t\tMADSLO\t\t\t<\/a>\n\t\t<\/h3>\n\t\t\t\t\t\t\t\t\t\t\t\t\t\t<\/div>\t\n\n\t\t\t\t\t<\/div>\n\n\t\t\t\t\t\t\t<div class=\"bdt-event-excerpt\">\n\t\t\tConcert fusion jazzy. Un son chaud \u00e9tonnant m\u00ealant roumba, bossa, trad et soul qui pourrait\u2026\n\t\t<\/div>\n\t\n\t\t\t\t<\/div>\n\n\t\t\t\t\n\t\t\n\t\n\t\t\t<\/div>\n\n\t\t<\/div>\n\n\t\t\t<\/div>\n\t\t<\/div>\n\t\t\t\t\t<\/div>\n\t\t\t\t\t<\/div>\n\t\t\t\t<\/div>\n\t\t<div class=\"elementor-element elementor-element-994e86a e-grid e-con-boxed e-con e-parent\" data-id=\"994e86a\" data-element_type=\"container\" data-e-type=\"container\" data-settings=\"{&quot;background_background&quot;:&quot;classic&quot;}\">\n\t\t\t\t\t<div class=\"e-con-inner\">\n\t\t<div class=\"elementor-element elementor-element-159059d e-con-full e-flex e-con e-child\" data-id=\"159059d\" data-element_type=\"container\" data-e-type=\"container\" data-settings=\"{&quot;motion_fx_motion_fx_scrolling&quot;:&quot;yes&quot;,&quot;motion_fx_translateX_effect&quot;:&quot;yes&quot;,&quot;motion_fx_translateX_direction&quot;:&quot;negative&quot;,&quot;motion_fx_translateX_affectedRange&quot;:{&quot;unit&quot;:&quot;%&quot;,&quot;size&quot;:&quot;&quot;,&quot;sizes&quot;:{&quot;start&quot;:0,&quot;end&quot;:50}},&quot;motion_fx_translateX_speed&quot;:{&quot;unit&quot;:&quot;px&quot;,&quot;size&quot;:4,&quot;sizes&quot;:[]},&quot;motion_fx_devices&quot;:[&quot;desktop&quot;,&quot;tablet&quot;,&quot;mobile&quot;]}\">\n\t\t\t\t<div class=\"elementor-element elementor-element-fb57e9d elementor-widget elementor-widget-image\" data-id=\"fb57e9d\" data-element_type=\"widget\" data-e-type=\"widget\" data-widget_type=\"image.default\">\n\t\t\t\t\t\t\t\t\t\t\t\t\t\t\t<img decoding=\"async\" width=\"388\" height=\"98\" src=\"http:\/\/test.bigberry.fr\/wp-content\/uploads\/2026\/04\/decogaucheFichier-4@2x.png\" class=\"attachment-large size-large wp-image-156\" alt=\"\" srcset=\"http:\/\/test.bigberry.fr\/wp-content\/uploads\/2026\/04\/decogaucheFichier-4@2x.png 388w, http:\/\/test.bigberry.fr\/wp-content\/uploads\/2026\/04\/decogaucheFichier-4@2x-300x76.png 300w\" sizes=\"(max-width: 388px) 100vw, 388px\" \/>\t\t\t\t\t\t\t\t\t\t\t\t\t\t\t<\/div>\n\t\t\t\t<\/div>\n\t\t<div class=\"elementor-element elementor-element-d188dc2 e-con-full e-flex e-con e-child\" data-id=\"d188dc2\" data-element_type=\"container\" data-e-type=\"container\">\n\t\t\t\t<div class=\"elementor-element elementor-element-e7213d2 elementor-widget elementor-widget-heading\" data-id=\"e7213d2\" data-element_type=\"widget\" data-e-type=\"widget\" data-widget_type=\"heading.default\">\n\t\t\t\t\t<h2 class=\"elementor-heading-title elementor-size-default\">Programme<\/h2>\t\t\t\t<\/div>\n\t\t\t\t<\/div>\n\t\t<div class=\"elementor-element elementor-element-42d5420 e-con-full e-flex e-con e-child\" data-id=\"42d5420\" data-element_type=\"container\" data-e-type=\"container\" data-settings=\"{&quot;motion_fx_motion_fx_scrolling&quot;:&quot;yes&quot;,&quot;motion_fx_translateX_effect&quot;:&quot;yes&quot;,&quot;motion_fx_translateX_affectedRange&quot;:{&quot;unit&quot;:&quot;%&quot;,&quot;size&quot;:&quot;&quot;,&quot;sizes&quot;:{&quot;start&quot;:0,&quot;end&quot;:50}},&quot;motion_fx_translateX_speed&quot;:{&quot;unit&quot;:&quot;px&quot;,&quot;size&quot;:4,&quot;sizes&quot;:[]},&quot;motion_fx_devices&quot;:[&quot;desktop&quot;,&quot;tablet&quot;,&quot;mobile&quot;]}\">\n\t\t\t\t<div class=\"elementor-element elementor-element-91d0f81 elementor-widget elementor-widget-image\" data-id=\"91d0f81\" data-element_type=\"widget\" data-e-type=\"widget\" data-widget_type=\"image.default\">\n\t\t\t\t\t\t\t\t\t\t\t\t\t\t\t<img decoding=\"async\" width=\"387\" height=\"98\" src=\"http:\/\/test.bigberry.fr\/wp-content\/uploads\/2026\/04\/decodroiteFichier-3@2x.png\" class=\"attachment-large size-large wp-image-155\" alt=\"\" srcset=\"http:\/\/test.bigberry.fr\/wp-content\/uploads\/2026\/04\/decodroiteFichier-3@2x.png 387w, http:\/\/test.bigberry.fr\/wp-content\/uploads\/2026\/04\/decodroiteFichier-3@2x-300x76.png 300w\" sizes=\"(max-width: 387px) 100vw, 387px\" \/>\t\t\t\t\t\t\t\t\t\t\t\t\t\t\t<\/div>\n\t\t\t\t<\/div>\n\t\t\t\t\t<\/div>\n\t\t\t\t<\/div>\n\t\t<div class=\"elementor-element elementor-element-271a90c e-flex e-con-boxed e-con e-parent\" data-id=\"271a90c\" data-element_type=\"container\" data-e-type=\"container\" data-settings=\"{&quot;background_background&quot;:&quot;classic&quot;}\">\n\t\t\t\t\t<div class=\"e-con-inner\">\n\t\t<div class=\"elementor-element elementor-element-1e503c7 e-con-full e-flex e-con e-child\" data-id=\"1e503c7\" data-element_type=\"container\" data-e-type=\"container\" data-settings=\"{&quot;background_background&quot;:&quot;classic&quot;}\">\n\t\t\t\t<div class=\"elementor-element elementor-element-7aaff74 elementor-widget elementor-widget-the-events-calendar-addon\" data-id=\"7aaff74\" data-element_type=\"widget\" data-e-type=\"widget\" data-widget_type=\"the-events-calendar-addon.default\">\n\t\t\t\t<div class=\"elementor-widget-container\">\n\t\t\t\t\t<!=========Events list Template 1.7.3=========><script type=\"application\/ld+json\">\r\n[{\"@context\":\"http:\/\/schema.org\",\"@type\":\"Event\",\"name\":\"LE RADEAU DE LA MEDUSE\",\"description\":\"&lt;p&gt;Auteur et metteur en sc\\u00e8ne Alexandre Delimoges Avec Anne Cangelosi \\u2013 Diffusion Marilu Production En 1818, G\\u00e9ricault d\\u00e9marre sa plus c\\u00e9l\\u00e8bre toile \\u00ab\\u00a0Le radeau de la M\\u00e9duse\\u00a0\\u00bb et fait scandale [&hellip;]&lt;\/p&gt;\\\\n\",\"image\":\"https:\/\/test.bigberry.fr\/wp-content\/uploads\/2026\/04\/images-1.jpg\",\"url\":\"https:\/\/test.bigberry.fr\/index.php\/event\/le-radeau-de-la-meduse\/\",\"eventAttendanceMode\":\"https:\/\/schema.org\/OfflineEventAttendanceMode\",\"eventStatus\":\"https:\/\/schema.org\/EventScheduled\",\"startDate\":\"2026-05-22T08:30:00+00:00\",\"endDate\":\"2026-05-22T22:00:00+00:00\",\"performer\":\"Organization\"},{\"@context\":\"http:\/\/schema.org\",\"@type\":\"Event\",\"name\":\"MADSLO\",\"description\":\"&lt;p&gt;Concert fusion jazzy. Un son chaud \\u00e9tonnant m\\u00ealant roumba, bossa, trad et soul qui pourrait \\u00eatre une BO de Tarantino.&lt;\/p&gt;\\\\n\",\"image\":\"https:\/\/test.bigberry.fr\/wp-content\/uploads\/2026\/04\/tsob_-_promo-1.jpeg\",\"url\":\"https:\/\/test.bigberry.fr\/index.php\/event\/madslo\/\",\"eventAttendanceMode\":\"https:\/\/schema.org\/OfflineEventAttendanceMode\",\"eventStatus\":\"https:\/\/schema.org\/EventScheduled\",\"startDate\":\"2026-06-16T08:00:00+00:00\",\"endDate\":\"2026-06-16T17:00:00+00:00\",\"performer\":\"Organization\"}]\r\n<\/script><div id=\"ectbe-wrapper-7aaff74\" class=\"ectbe-wrapper ectbe-list-wrapper style-2\"><div class=\"ectbe-month-header ectbe-featured-event\">mai 2026<\/div><div id=\"event-49\" class=\"ectbe-inner-wrapper ectbe-featured-event\"><div id=\"ectbe-date\" class=\"ectbe-date-area\">\n\t\t\t\t\t\t<span class=\"ectbe-ev-mo\">Mai<\/span>\n\t\t\t\t\t\t<span class=\"ectbe-ev-day\">22<\/span>\n\t\t\t\t\t<\/div><div class=\"ectbe-content-box\"><div class=\"ectbe-date-area\">\n                                <span class=\"ectbe-ev-day\">22<\/span>\n                                <span class=\"ectbe-ev-mo\">mai<\/span>\n                                <span class=\"ectbe-ev-yr\">2026<\/span>\n                                <\/div><div class=\"ectbe-ev-cate\"><ul class=\"ectbe-evt-category\"><li class=\"ectbe-each-cate\"><a href=\"https:\/\/test.bigberry.fr\/index.php\/events\/categorie\/theatre\/\" rel=\"tag\">Th\u00e9atre<\/a><\/li><\/ul><\/div><div class=\"ectbe-evt-title\"><a class=\"ectbe-evt-url\" href=\"https:\/\/test.bigberry.fr\/index.php\/event\/le-radeau-de-la-meduse\/\">LE RADEAU DE LA MEDUSE<\/a><\/div><div class=\"ectbe-evt-description\"><p>Auteur et metteur en sc\u00e8ne Alexandre Delimoges Avec Anne Cangelosi \u2013 Diffusion Marilu Production En 1818, G\u00e9ricault d\u00e9marre sa plus c\u00e9l\u00e8bre toile \u00ab\u00a0Le radeau de la M\u00e9duse\u00a0\u00bb et fait scandale [&hellip;]<\/p>\n<\/div><div class=\"ectbe-evt-more-box\"><a class=\"ectbe-evt-read-more\" href=\"https:\/\/test.bigberry.fr\/index.php\/event\/le-radeau-de-la-meduse\/\">Find out more<\/a><\/div><\/div><div class=\"ectbe-evt-img\"><img decoding=\"async\" src=\"https:\/\/test.bigberry.fr\/wp-content\/uploads\/2026\/04\/images-1.jpg\" alt=\"\" \/><\/div><\/div><div class=\"ectbe-month-header ectbe-simple-event\">juin 2026<\/div><div id=\"event-132\" class=\"ectbe-inner-wrapper ectbe-simple-event\"><div id=\"ectbe-date\" class=\"ectbe-date-area\">\n\t\t\t\t\t\t<span class=\"ectbe-ev-mo\">Juin<\/span>\n\t\t\t\t\t\t<span class=\"ectbe-ev-day\">16<\/span>\n\t\t\t\t\t<\/div><div class=\"ectbe-content-box\"><div class=\"ectbe-date-area\">\n                                <span class=\"ectbe-ev-day\">16<\/span>\n                                <span class=\"ectbe-ev-mo\">juin<\/span>\n                                <span class=\"ectbe-ev-yr\">2026<\/span>\n                                <\/div><div class=\"ectbe-ev-cate\"><ul class=\"ectbe-evt-category\"><li class=\"ectbe-each-cate\"><a href=\"https:\/\/test.bigberry.fr\/index.php\/events\/categorie\/concerts\/\" rel=\"tag\">Concerts<\/a><\/li><\/ul><\/div><div class=\"ectbe-evt-title\"><a class=\"ectbe-evt-url\" href=\"https:\/\/test.bigberry.fr\/index.php\/event\/madslo\/\">MADSLO<\/a><\/div><div class=\"ectbe-evt-description\"><p>Concert fusion jazzy. Un son chaud \u00e9tonnant m\u00ealant roumba, bossa, trad et soul qui pourrait \u00eatre une BO de Tarantino.<\/p>\n<\/div><div class=\"ectbe-evt-more-box\"><a class=\"ectbe-evt-read-more\" href=\"https:\/\/test.bigberry.fr\/index.php\/event\/madslo\/\">Find out more<\/a><\/div><\/div><div class=\"ectbe-evt-img\"><img decoding=\"async\" src=\"https:\/\/test.bigberry.fr\/wp-content\/uploads\/2026\/04\/tsob_-_promo-1-1024x683.jpeg\" alt=\"\" \/><\/div><\/div><\/div><style type=\"text\/css\">.elementor-132 .elementor-element.elementor-element-7aaff74 .ectbe-list-wrapper{--e-ectbe-date-area-background:#FAB50C;}.elementor-132 .elementor-element.elementor-element-7aaff74 .ectbe-list-wrapper{--e-ectbe-date-area-color:#FAB50C;}.elementor-132 .elementor-element.elementor-element-7aaff74 .ectbe-evt-title .ectbe-evt-url{font-size:24px;}<\/style>\t\t\t\t<\/div>\n\t\t\t\t<\/div>\n\t\t\t\t<\/div>\n\t\t\t\t\t<\/div>\n\t\t\t\t<\/div>\n\t\t<div class=\"elementor-element elementor-element-432ff18 e-flex e-con-boxed e-con e-parent\" data-id=\"432ff18\" data-element_type=\"container\" data-e-type=\"container\">\n\t\t\t\t\t<div class=\"e-con-inner\">\n\t\t\t\t\t<\/div>\n\t\t\t\t<\/div>\n\t\t\t\t<\/div>\n\t\t","protected":false},"excerpt":{"rendered":"<p>5, avenue George Sand36\u2009400 La Ch\u00e2tre 02 54 48 20 10 Nous contacter par mail \u00e0 venir 24 Avr L&rsquo;HEURE DES ASSASSINS Compagnie Le Renard argent\u00e9 \u2013 Mise en sc\u00e8ne [&hellip;]<\/p>\n","protected":false},"author":1,"featured_media":0,"parent":0,"menu_order":0,"comment_status":"closed","ping_status":"closed","template":"elementor_header_footer","meta":{"footnotes":""},"class_list":["post-12","page","type-page","status-publish","hentry","cat_concerts"],"_links":{"self":[{"href":"https:\/\/test.bigberry.fr\/index.php\/wp-json\/wp\/v2\/pages\/12","targetHints":{"allow":["GET"]}}],"collection":[{"href":"https:\/\/test.bigberry.fr\/index.php\/wp-json\/wp\/v2\/pages"}],"about":[{"href":"https:\/\/test.bigberry.fr\/index.php\/wp-json\/wp\/v2\/types\/page"}],"author":[{"embeddable":true,"href":"https:\/\/test.bigberry.fr\/index.php\/wp-json\/wp\/v2\/users\/1"}],"replies":[{"embeddable":true,"href":"https:\/\/test.bigberry.fr\/index.php\/wp-json\/wp\/v2\/comments?post=12"}],"version-history":[{"count":22,"href":"https:\/\/test.bigberry.fr\/index.php\/wp-json\/wp\/v2\/pages\/12\/revisions"}],"predecessor-version":[{"id":246,"href":"https:\/\/test.bigberry.fr\/index.php\/wp-json\/wp\/v2\/pages\/12\/revisions\/246"}],"wp:attachment":[{"href":"https:\/\/test.bigberry.fr\/index.php\/wp-json\/wp\/v2\/media?parent=12"}],"curies":[{"name":"wp","href":"https:\/\/api.w.org\/{rel}","templated":true}]}}